6)) + (-25 - -52)
7
What is the value of -20 + -22 + 4 + 16 + 3?
-19
Evaluate 11 + ((6 - 18) + 14 - 0) + 19.
32
What is 7 + 24 + -11 + (14 - (0 - 0))?
34
What is 47 - (69 + 17) - -36?
-3
Evaluate 62 + -43 - (-3 - (5 - 4)).
23
What is the value of -191 + 51 + -17 + 90?
-67
What is the value of -32 + (5 - 1 - (-44 + 47) - 0)?
-31
Calculate 23 + (-7 - -24 - (21 - -2)).
17
-45 - (6 - (14 - 3)) - (-1 + 1)
-40
What is -37 + (17 - (9 - -3)) + -7?
-39
What is the value of (143 - 66) + -67 - ((28 - 2) + 2 - 1)?
-17
What is -3 - -4 - (-6 - 4) - (-29 - -25)?
15
Evaluate -36 - ((13 - 4) + -1 - 5).
-39
What is the value of 39 + (0 + 30 - (-21 - -30))?
60
What is 23 + -14 + 13 + 14 + -13?
23
Evaluate -126 + -1 - (11 - 246).
108
Evaluate 571 - 570 - (-11 + 14 + (0 - 8)).
6
What is -170 - (34 - (72 - -39))?
-93
Calculate -8 + (75 - ((-4 - -5) + 3)) - (45 + -52).
70
Calculate -61 + (-72 - (-200 + 46)).
21
-80 + -54 + 82 + -29
-81
Evaluate 4 + (0 + -9 - (3 + -43 + 21)) + -45.
-31
Evaluate 117 + (92 - -20 - 174).
55
What is the value of (-13 - (54 + -2)) + (-10 - -25)?
-50
Evaluate -111 + 422 - 91 - 108.
112
Calculate -1256 + 1258 - (-3 + 11).
-6
What is the value of (150 - (9 - -3)) + -28 - 21?
89
Calculate 77 + -44 + -20 - 12.
1
Evaluate 36 + 0 + 4 + -29 + (-31 - -43).
23
What is the value of (-36 + -4 - -57) + -30 + (-34 - 1)?
-48
What is -3 + -8 + 1 + 2 + (-84 - (-21 - 8))?
-63
What is 15 + -8 + 15 - (62 - 28)?
-12
Calculate -5 + (13 - (-2 + 23)) + 10 + 17.
14
Evaluate (-19 - (-34 + -10 + -12)) + 29.
66
What is the value of -22 + (-2 - -2) - ((119 - -41) + -162)?
-20
Calculate -5 - ((8 - -1) + (-395 - -322)) - -9.
68
What is 36 + -14 + 63 + -40?
45
What is 56 + 35 + -158 + 82?
15
Calculate (-256 - -145) + 6 + (-4 - (6 + -23)).
-92
Evaluate -92 + (-79 - (-49 + -155)).
33
What is the value of -9 - (-90 - (-11 - (-2 - -2))) - (-2 - 8)?
80
What is (-384 - -489) + (-36 - (2 + -10))?
77
What is 140 - (108 + (87 - 131))?
76
-55 - (-7 - (10 + -15) - 12) - (-3 + -9)
-29
What is -1 - -4 - (122 + 6) - (-34 - (43 + -67))?
-115
Calculate 18 + -72 - (-9 - -7) - (17 + 1).
-70
(0 - 0 - -3 - -5) + 19 + -137 + 83
-27
-2 - -8 - (10 + -16) - -80
92
(76 - -24) + (-46 - -58 - (20 + -1))
93
Evaluate -65 - -19 - (376 - 313).
-109
Calculate 35 - (0 + -10 - (10 + -20 + 3)).
38
Evaluate 19 - (-30 - -30 - (100 - (12 - 12))).
119
Calculate (-457 - -438) + (-5 - 2) + 4.
-22
Evaluate -34 + (38 - (-9 - -31)) + -31.
-49
Evaluate -1 + -1 + 25 - (-31 + (0 - -41) + -8).
21
What is 1 + 4 - (42 + (-98 - -11) + 42)?
8
What is 61 - ((34 - (-27 + 46)) + -3)?
49
What is the value of 20 - (-29 - -11 - (-70 + 4))?
-28
What is the value of 4 - -1 - (-2 + 15 + (-56 - -79 - 43))?
12
Calculate -16 - (64 - (160 + -112) - (-2 + 0)).
-34
Calculate -1 + 3 + -3 + -78 + -133 + 179.
-33
What is the value of 6 + (-20 - (-37 - -57 - 14))?
-20
Evaluate (-21 - -7 - 14) + 18 + 6 + -9 + -2.
-15
Evaluate -69 + 52 + 10 + 6.
-1
Calculate -3 - -9 - (-6 + 2 + -5 + 6 - 0).
9
What is the value of -33 + (35 - 4) + 3 + -12 - 43?
-54
Evaluate -9 + (0 - (19 - 3) - -100).
75
Evaluate -4 - -2 - -5 - -14 - (-7 - -6).
18
What is 8 - (-3 - -48) - (5 + 0) - (204 + -209)?
-37
Evaluate 42 + -59 + -6 + -6.
-29
What is -139 + 300 + -33 + -156?
-28
Evaluate (-10 - 4) + -11 - (-9 - 13).
-3
Calculate 113 + (0 - 1) + (31 - (54 + -66)) + -47.
108
(187 + -179 - (2 + (-7 - -3 - -1))) + -8
1
What is (157 - 108) + (2 + 5 + -3 - -2)?
55
2 + (0 - 48) - (2 + 1 - (464 - 452))
-37
Evaluate -1 - -29 - (8633 - 8514).
-91
10037 + -9923 + (1 - 50)
65
Evaluate 12 + (-68 - 17) - (146 + -153).
-66
Calculate 5 - (71 - (6 - -92)).
32
What is 67 - -29 - 88 - (57 + 1 + 3 - 1)?
-52
What is 108 - (-4 - -2) - (4460 + -4418)?
68
Evaluate -8 + (-22 - -14) - -6 - (4 - 97).
83
Calculate (-4 - 0) + -7 - (4 - 12 - -3).
-6
Evaluate 17 - (25 - 12) - (-1 + (9 - 7 - 1)).
4
What is -5 + (51 + -21 - (23 - -4))?
-2
295 + -265 + -68 + -2 + -7
-47
What is (30 - 15 - -6 - 70) + 0 + -4?
-53
Calculate 9 + 0 + -9 - (504 + -394).
-110
84 + -220 + 129 - (0 - (2 + -20))
-25
What is the value of -21 + (-50 - -15) + 33?
-23
26 + (-18 - -4) + -142 + 130
0
What is 9 + (1 - -1) + (-36 + 23 - (0 + 44))?
-46
Evaluate 3 + 2 + (-20 - -50) + (-15 - -27).
47
Evaluate (-25 - 0) + 207 + -191.
-9
What is 61 + -33 - 20 - -3 - 7?
4
-17 + (137 - 37) + -37
46
What is the value of 8 + ((11 - -7) + -4 - 2) + (-1 - -3)?
22
-198 + 271 + -16 + 5 + -10
52
What is (-34 - (-27 + 11)) + 45 + 17?
44
-38 - ((-1 - 4 - -9 - 14) + -4)
-24
What is -42 + -13 + -1 + (17 - 1)?
-40
What is 92 + -71 - (6 - 13)?
28
What is -352 + 397 + -25 + 5?
25
Calculate 5 + (30 - (2 - 24)) + 34 + -12.
79
Calculate -14 + -75 - (12 - (-33 + 1)).
-133
-7 + (0 - 9 - (153 + -203)) + -4
30
What is the value of (-3 - -45) + (281 - 350)?
-27
Evaluate -80 + 2 - (3038 + -3040).
-76
What is the value of 13 + 2 + -77 + (43 - -58)?
39
Evaluate (-20 - 1) + (33 - -66 - 130).
-52
-51 + (22 - (-29 - -72 - 19))
-53
What is ((10 - -1) + -12 - -2) + 10 + -74 + 5?
-58
What is the value of -15 - -49 - (-52 - (-39 - -12))?
59
What is the value of 4 - (-37 - (-28 - -45))?
58
What is -1 + 2 - (-8 - (-4 + -11)) - (1 + -20)?
13
419 - 522 - (-37 + (5 - -1))
-72
(8 - (5 - 49) - 10) + (39 - 27)
54
What is the value of (44 - -3 - (11 + (-6 - 1))) + 3 + 2?
48
Evaluate -51 + (101 - 17) - (1 + 3).
29
Evaluate 0 + (-8 - (0 - (-1 - 0) - (62 + -22))).
31
(2 + -3 + -31 - -7) + 75 + -62
-12
What is 37 - (-25 + 10 - 21)?
73
What is -10 + -6 + -29 + (20 + -12 - 20)?
-57
What is the value of -89 - (-35 + (-15 + 11 - -23))?
-73
Calculate -3 + 11 + -17 + (-151 - -138) + (22 - 0).
0
Calculate -2 - -12 - (1320 + -1278).
-32
What is 65 - ((7 - -11 - -3) + 0)?
44
What is -4 - 35 - -14 - -44?
19
64 - 1 - (32 - -51 - 63)
43
What is -2 - 1 - 6 - (-14 + -10 + 23 + -13)?
5
What is the value of (-223 - -215) + (-1 - -36)?
27
What is the value of -4 - (-13 - -5) - (5 - (0 - (-8 - 3)))?
10
What is 14 - (32 - -70) - -71?
-17
Evaluate 0 + (1552 - 1576 - (-1 - 6 - -1)).
-18
Evaluate 20 + 65 + (-10 - -20) + 4 - (-2 - -12).
89
Calculate -10 + 69 - 63 - (-5 + -1).
2
What is 45 - (-38 - -3 - -39)?
41
3449 - 3484 - (23 - -2)
-60
-292 - -319 - (-11 - -1)
37
-23 + 20 - ((13 - -51) + 1 + -9)
-59
What is the value of 3 + (-67 - -16) + -25?
-73
20 + -19 + (-7 + 8 - 8) + -19
-25
-61 + -34 + 37 + 37
-21
Evaluate (-17 - 0 - -1) + 38 + -17.
5
Evaluate 1683 - 1655 - (-1 - (0 - -7)).
36
-110 + (61 - -43) - (1 - -85)
-92
What is (96 + -1 - (172 + -137)) + -11 + 2?
51
What is the value of 24 - (9 - (-12 - 30)) - -92?
65
What is the value of 91 - (-104 - -76) - 132?
-13
(109 + -52 + -20 - (1 + (0 - 5))) + -5
36
-12 + (-70 - (-26 - (-21 - -16 - 19)))
-80
Evaluate (26 - 2) + 1 + 47 + -85 + 33.
20
What is (-59 - (6 + -1)) + -250 + 230?
-84
Evaluate -96 + -237 + 311 - (-1 + -138).
117
What is -18 - (8 + (6 + -11 - -5) + -6)?
-20
What is the value of 2199 - 2175 - ((91 - 2) + 0)?
-65
What is the value of -1 + -4 + (210 - (273 + -129))?
61
Calculate (-4 + -2 - -4) + (-2 + -4 - -7).
-1
Evaluate 41 - ((-17 - -9 - -15) + -18) - 8.
44
What is -4 - (5 + -15 - (10 - 11))?
5
Evaluate -19 + -39 - 3 - (-1 - 20).
-40
Evaluate (-18 - (-1 - -2)) + 645 + -659.
-33
(-35 - (-150 + 73)) + -103
-61
(10 - (-2 + 20)) + 46 + -10 + (21 - 13)
36
Calculate 6 + -21 + 9 + 15 - (28 - 13).
-6
What is the value of 72 + (-25 - 102) + (-1 + 1 - -1)?
-54
What is (-86 - -79) + (-25 - (-13 + 2))?
-21
-13 + 147 + -204 - (2 - 2)
-70
What is the value of -11 - 1 - (-158 - -229) - ((-6 - 2) + 2)?
-77
(-15 + 7 - (15 + 7 + -5)) + 3
-22
What is the value of -8 + -8 + 5 + 4 - (14 + (-7 - 21))?
7
Calculate 4 + (10 - 6) + -6 + -128 + 138.
12
What is the value of (215 - (83 + 139)) + -1 + 44 + 2?
38
What is (150 - 114) + -34 + -3?
-1
(0 - (1 - 0)) + (-324 - -415) + (0 - 79)
11
What is 80 + -3 + 254 + -298?
33
What is the value of -53 - (-23 + 8 + (-2 - -17 - 10))?
-43
Calculate -41 + 19 + 3 - (-14 + -12).
7
What is -8 + 12 + (-8 - 42)?
-46
Calculate -59 + 81 + -10 - (-7 - (3 - 6) - 21).
37
What is -7 + -18 + -18 + (-28 - -49)?
-22
Evaluate (-73 + -53 - -160) + (22 - 1).
55
20 - (-5 - (-13 - 1)) - (-5 - -51)
-35
1 + (-5 - -4) - (90 - 3 - 141)
54
Evaluate 0 + (-85 + 6 - -45).
-34
Calculate (1 - 8 - (15 + -110 + (32 - 32))) + 0.
88
What is (-25 + -39 - -47) + -7